r of 1157 and 1173643?
89
Calculate the highest common factor of 20062517 and 219.
73
What is the highest common factor of 3145 and 14229238?
629
What is the highest common factor of 304500 and 97788?
348
Calculate the highest common factor of 180570 and 179790.
390
What is the greatest common factor of 470660576 and 32?
32
Calculate the greatest common factor of 768211267 and 71.
71
Calculate the greatest common factor of 37184631 and 363.
363
What is the greatest common divisor of 153 and 14490585?
9
Calculate the greatest common factor of 116 and 5912404.
116
Calculate the greatest common divisor of 4199 and 3653351.
221
Calculate the greatest common divisor of 7161 and 3838947.
651
Calculate the highest common factor of 435 and 1466994.
87
Calculate the highest common divisor of 202376 and 17032.
8
Calculate the greatest common divisor of 103 and 78888421.
103
Calculate the greatest common divisor of 238554 and 72819.
261
Calculate the highest common factor of 362 and 51742108.
362
What is the highest common divisor of 92 and 25679454?
46
What is the greatest common divisor of 48640 and 20288?
64
Calculate the greatest common divisor of 66 and 401155986.
66
What is the highest common divisor of 17955 and 121130?
5
Calculate the greatest common divisor of 82533 and 87720501.
2013
Calculate the greatest common factor of 4264 and 798278.
26
What is the highest common divisor of 34 and 28670772?
34
What is the highest common factor of 6090 and 6907278?
1218
What is the highest common divisor of 105384 and 4?
4
What is the greatest common divisor of 15 and 269221845?
15
What is the highest common divisor of 177669 and 22401?
171
What is the greatest common factor of 36189790 and 910?
910
Calculate the highest common factor of 14 and 797152559.
7
What is the highest common factor of 23996016 and 20?
4
What is the highest common divisor of 6368 and 4294420?
796
Calculate the greatest common divisor of 250401521 and 636.
53
Calculate the highest common divisor of 141077280 and 992.
992
Calculate the greatest common factor of 2349519 and 2703.
51
What is the greatest common divisor of 572505 and 2190?
15
Calculate the greatest common divisor of 84205 and 37103.
11
Calculate the greatest common factor of 955764070 and 10.
10
Calculate the highest common divisor of 4014 and 1049634.
18
Calculate the highest common factor of 556231020 and 29.
29
What is the greatest common factor of 1419 and 18805534?
473
Calculate the greatest common factor of 1242 and 32281443.
621
What is the greatest common factor of 21 and 7604179380?
21
Calculate the highest common divisor of 36214 and 21622.
38
Calculate the highest common factor of 3851968 and 16.
16
Calculate the greatest common factor of 557984 and 5149508.
1316
Calculate the greatest common factor of 4521390 and 4698.
174
Calculate the highest common factor of 6790771 and 2166.
361
What is the highest common factor of 1598610 and 2847?
39
What is the greatest common divisor of 8189 and 207742?
431
What is the greatest common divisor of 3743 and 146509?
19
Calculate the greatest common factor of 5166 and 118797.
21
Calculate the greatest common divisor of 3058 and 2761.
11
What is the greatest common divisor of 10473 and 14407357?
3491
Calculate the highest common divisor of 2119550 and 90.
10
What is the highest common factor of 304300 and 52785?
85
What is the highest common factor of 1097 and 535101242?
1097
What is the highest common factor of 66 and 723167049?
33
Calculate the highest common factor of 423 and 10011987.
423
Calculate the highest common factor of 4333 and 65426443.
619
What is the greatest common factor of 1667984427 and 5002?
2501
What is the greatest common divisor of 2668 and 702351?
667
Calculate the highest common divisor of 82095 and 2535.
195
Calculate the greatest common factor of 18300 and 38625.
75
What is the greatest common divisor of 52 and 961759032?
52
What is the greatest common factor of 76140 and 38460?
60
Calculate the highest common divisor of 24 and 13043790.
6
Calculate the highest common divisor of 20385447 and 38262.
2733
Calculate the greatest common divisor of 10633 and 65069.
31
Calculate the greatest common divisor of 4680 and 34252400.
520
Calculate the greatest common divisor of 318 and 25572818.
106
What is the highest common divisor of 364446612 and 9420?
1884
What is the highest common divisor of 716404 and 161?
23
Calculate the highest common factor of 90 and 2170208835.
45
Calculate the greatest common factor of 23192133 and 118.
59
What is the greatest common factor of 479 and 536811?
1
What is the greatest common factor of 1672 and 331738?
22
Calculate the greatest common divisor of 29076 and 582.
6
What is the greatest common divisor of 3176 and 60488?
8
What is the highest common divisor of 684 and 161221536?
684
Calculate the greatest common factor of 6191 and 71709.
41
Calculate the highest common factor of 87860 and 167900.
460
What is the highest common divisor of 153 and 14142735?
9
What is the greatest common divisor of 481441883 and 13?
13
What is the greatest common divisor of 31680 and 52965?
495
What is the highest common factor of 134501202 and 108?
54
What is the highest common divisor of 48627160 and 280?
40
Calculate the highest common factor of 2454 and 12661413.
1227
Calculate the highest common divisor of 3212369 and 4.
1
What is the greatest common divisor of 10320366 and 294?
42
What is the greatest common divisor of 23848 and 1892393?
271
What is the greatest common divisor of 261 and 65851953?
87
Calculate the greatest common divisor of 170101872 and 63.
9
What is the highest common factor of 2037 and 123008319?
2037
What is the greatest common factor of 10998543 and 10785?
2157
What is the highest common divisor of 282290 and 75470?
10
Calculate the highest common divisor of 26928 and 1598476.
748
What is the highest common divisor of 3192912 and 837128?
3112
What is the highest common divisor of 27 and 67953?
3
Calculate the greatest common factor of 447183761 and 41.
41
Calculate the greatest common factor of 124645 and 2341270.
1285
Calculate the highest common factor of 22575 and 487319.
301
Calculate the greatest common divisor of 3651935 and 204605.
755
Calculate the greatest common divisor of 11431 and 902083.
161
What is the greatest common divisor of 16258 and 2573198?
1478
What is the greatest common factor of 432 and 2756528?
16
What is the greatest common divisor of 12790 and 100930?
10
What is the highest common divisor of 75845 and 1146838?
77
What is the highest common factor of 17415 and 4961655?
405
What is the greatest common factor of 759 and 1582680?
33
What is the greatest common factor of 56 and 2303630?
14
Calculate the greatest common factor of 100597 and 9408.
49
Calculate the greatest common factor of 409 and 400131653.
409
Calculate the highest common factor of 7552640 and 38720.
320
Calculate the highest common divisor of 93916500 and 1392.
348
What is the highest common factor of 12 and 4563474?
6
Calculate the greatest common factor of 361424 and 1880419.
461
Calculate the greatest common factor of 46 and 113313157.
23
What is the highest common factor of 33461640 and 2160?
1080
Calculate the greatest common factor of 71114 and 11999914.
2294
What is the highest common factor of 1292070 and 29510?
130
What is the highest common divisor of 3942292 and 2507?
23
Calculate the highest common divisor of 166112 and 13132128.
928
Calculate the highest common factor of 1108900968 and 1176.
1176
Calculate the greatest common factor of 24017 and 11242.
511
Calculate the highest common divisor of 169 and 34562359.
169
Calculate the greatest common factor of 23 and 18561368.
23
Calculate the greatest common divisor of 1045 and 4175307.
19
What is the highest common divisor of 22041040 and 320?
80
Calculate the greatest common divisor of 1040 and 2319152.
16
Calculate the highest common divisor of 166272 and 53259.
1299
What is the highest common divisor of 165 and 950158?
11
Calculate the greatest common factor of 12045 and 6561021.
219
What is the highest common divisor of 3726369 and 8388?
2097
What is the highest common divisor of 62730 and 936030?
1230
What is the greatest common divisor of 15 and 4839